6.
2, 17, 43, 53
List the prime factors of 2473666.
2, 13, 89, 1069
List the prime factors of 187858.
2, 11, 8539
What are the prime factors of 2026997?
7, 31, 9341
What are the prime factors of 10637671?
11, 967061
List the prime factors of 835973.
835973
What are the prime factors of 185431?
107, 1733
What are the prime factors of 4324884?
2, 3, 360407
List the prime factors of 4505850.
2, 3, 5, 17, 19, 31
What are the prime factors of 614412?
2, 3, 5689
What are the prime factors of 316681?
316681
What are the prime factors of 23204862?
2, 3, 1289159
What are the prime factors of 34085?
5, 17, 401
What are the prime factors of 654031?
7, 233, 401
What are the prime factors of 7517612?
2, 29, 229, 283
List the prime factors of 132580.
2, 5, 7, 947
What are the prime factors of 7440445?
5, 71, 20959
What are the prime factors of 4029349?
19, 31, 6841
List the prime factors of 2629743.
3, 876581
List the prime factors of 582072.
2, 3, 79, 307
What are the prime factors of 445254?
2, 3, 74209
List the prime factors of 2018947.
7, 41203
List the prime factors of 52058.
2, 26029
What are the prime factors of 1151195?
5, 230239
What are the prime factors of 2160974?
2, 191, 5657
What are the prime factors of 8859435?
3, 5, 13, 45433
List the prime factors of 11647140.
2, 3, 5, 194119
What are the prime factors of 2235952?
2, 139747
List the prime factors of 1174650.
2, 3, 5, 41, 191
List the prime factors of 17431741.
17431741
List the prime factors of 11138.
2, 5569
List the prime factors of 971261.
17, 19, 31, 97
List the prime factors of 9663992.
2, 13, 43, 2161
What are the prime factors of 17918698?
2, 7, 1279907
What are the prime factors of 27143885?
5, 5428777
List the prime factors of 533752.
2, 137, 487
What are the prime factors of 1659240?
2, 3, 5, 11, 419
List the prime factors of 440502.
2, 3, 73417
List the prime factors of 8223554.
2, 181, 22717
List the prime factors of 936965.
5, 187393
What are the prime factors of 2046487?
2046487
What are the prime factors of 438441?
3, 101, 1447
List the prime factors of 44472.
2, 3, 17, 109
List the prime factors of 5075305.
5, 1015061
List the prime factors of 4612386.
2, 3, 127, 6053
What are the prime factors of 10197688?
2, 17, 167, 449
What are the prime factors of 5340910?
2, 5, 534091
List the prime factors of 165566.
2, 19, 4357
What are the prime factors of 1259548?
2, 19, 16573
List the prime factors of 133112.
2, 7, 2377
List the prime factors of 333384.
2, 3, 29, 479
List the prime factors of 1340066.
2, 7, 13, 37, 199
List the prime factors of 1319035.
5, 331, 797
What are the prime factors of 3879909?
3, 11, 39191
What are the prime factors of 144080?
2, 5, 1801
List the prime factors of 6585926.
2, 37, 61, 1459
What are the prime factors of 20283341?
13, 1560257
What are the prime factors of 1111420?
2, 5, 61, 911
What are the prime factors of 358687?
7, 51241
List the prime factors of 1959957.
3, 24197
List the prime factors of 156994.
2, 78497
What are the prime factors of 5210190?
2, 3, 5, 23, 839
List the prime factors of 12702764.
2, 3175691
What are the prime factors of 137574?
2, 3, 7643
What are the prime factors of 2572580?
2, 5, 128629
What are the prime factors of 2669084?
2, 11, 60661
List the prime factors of 10845443.
7, 23, 31, 41, 53
What are the prime factors of 2283950?
2, 5, 17, 2687
List the prime factors of 22887934.
2, 11443967
List the prime factors of 1591126.
2, 131, 6073
What are the prime factors of 785738?
2, 131, 2999
What are the prime factors of 7185801?
3, 7, 48883
List the prime factors of 146524.
2, 7, 5233
What are the prime factors of 1410185?
5, 7, 43, 937
List the prime factors of 1283697.
3, 19, 7507
What are the prime factors of 3060254?
2, 19, 29, 2777
What are the prime factors of 830234?
2, 571, 727
What are the prime factors of 253338?
2, 3, 42223
What are the prime factors of 27455823?
3, 271, 11257
List the prime factors of 16672438.
2, 503, 16573
What are the prime factors of 2304492?
2, 3, 181, 1061
What are the prime factors of 373750?
2, 5, 13, 23
What are the prime factors of 4977330?
2, 3, 5, 251, 661
List the prime factors of 29562664.
2, 73, 223, 227
What are the prime factors of 473464?
2, 59183
List the prime factors of 1967095.
5, 13, 53, 571
List the prime factors of 4060135.
5, 71, 11437
List the prime factors of 531745.
5, 106349
What are the prime factors of 991873?
991873
What are the prime factors of 215810?
2, 5, 7, 3083
What are the prime factors of 112565?
5, 47, 479
List the prime factors of 13446.
2, 3, 83
What are the prime factors of 505069?
157, 3217
List the prime factors of 3698742.
2, 3, 37, 16661
List the prime factors of 4037862.
2, 3, 672977
List the prime factors of 7090213.
13, 61, 8941
What are the prime factors of 3177032?
2, 53, 59, 127
What are the prime factors of 224676?
2, 3, 79
What are the prime factors of 10163418?
2, 3, 997, 1699
What are the prime factors of 464418?
2, 3, 25801
What are the prime factors of 293869?
71, 4139
What are the prime factors of 8565259?
79, 108421
List the prime factors of 1639495.
5, 11, 13, 2293
What are the prime factors of 3322283?
19, 9203
What are the prime factors of 5149101?
3, 1716367
What are the prime factors of 1050456?
2, 3, 11, 23, 173
List the prime factors of 548027.
239, 2293
What are the prime factors of 5810163?
3, 1936721
List the prime factors of 19568546.
2, 1009, 9697
List the prime factors of 1763730.
2, 3, 5, 19597
What are the prime factors of 1897445?
5, 11, 34499
What are the prime factors of 393665?
5, 43, 1831
What are the prime factors of 124744?
2, 31, 503
List the prime factors of 5103610.
2, 5, 510361
What are the prime factors of 678207?
3, 181, 1249
What are the prime factors of 6464306?
2, 31, 41, 2543
List the prime factors of 12233610.
2, 3, 5, 135929
List the prime factors of 5563190.
2, 5, 163, 3413
What are the prime factors of 395969?
7, 8081
List the prime factors of 146356.
2, 7, 5227
What are the prime factors of 355665?
3, 5, 131, 181
List the prime factors of 393931.
393931
List the prime factors of 122029.
122029
List the prime factors of 10853374.
2, 7, 775241
List the prime factors of 5491900.
2, 5, 54919
What are the prime factors of 182078?
2, 13, 47, 149
List the prime factors of 404703.
3, 13, 1153
List the prime factors of 3974610.
2, 3, 5, 19, 367
List the prime factors of 4803900.
2, 3, 5, 67, 239
List the prime factors of 278760.
2, 3, 5, 23, 101
What are the prime factors of 422919?
3, 7, 137
List the prime factors of 19436521.
13, 47, 2447
What are the prime factors of 4690024?
2, 107, 5479
What are the prime factors of 21740941?
37, 137, 4289
List the prime factors of 392260.
2, 5, 11, 1783
List the prime factors of 107837.
107837
List the prime factors of 2279881.
71, 163, 197
What are the prime factors of 141197?
7, 23, 877
List the prime factors of 1346224.
2, 11, 7649
List the prime factors of 9160919.
61, 79, 1901
List the prime factors of 1314089.
7, 347, 541
What are the prime factors of 3066599?
3066599
List the prime factors of 17833944.
2, 3, 157, 4733
List the prime factors of 25961674.
2, 12980837
List the prime factors of 642573.
3, 7933
What are the prime factors of 493422?
2, 3, 82237
List the prime factors of 4311832.
2, 7, 37, 2081
List the prime factors of 869724.
2, 3, 8053
List the prime factors of 1037.
17, 61
What are the prime factors of 27680693?
131, 1613
List the prime factors of 3447146.
2, 1723573
List the prime factors of 3714149.
41, 157, 577
What are the prime factors of 519674?
2, 259837
What are the prime factors of 194976?
2, 3, 677
List the prime factors of 444204.
2, 3, 457
What are the prime factors of 15735011?
31, 53, 61, 157
List the prime factors of 12204857.
7, 37, 47123
List the prime factors of 330655.
5, 13, 5087
List the prime factors of 8811543.
3, 13, 101, 2237
What are the prime factors of 4617197?
13, 173, 2053
What are the prime factors of 845696?
2, 6607
What are the prime factors of 126200?
2, 5, 631
What are the prime factors of 20719951?
7, 67, 44179
What are the prime factors of 98955?
3, 5, 733
What are the prime factors of 1005330?
2, 3, 5, 23, 31, 47
List the prime factors of 24617915.
5, 7, 347, 2027
What are the prime factors of 468500?